divided by x?
4
Suppose 4*z + 20 = 0, -t - 4*z - 81 = -2*z. Let m = t - -102. What is the remainder when m is divided by 17?
14
Suppose -q + 0 = -4. Calculate the remainder when 54 is divided by q.
2
Let s(j) = j**3 - 6*j**2 + 7*j - 5. Calculate the remainder when s(5) is divided by 3.
2
Let d(c) = -12*c + 2. What is the remainder when d(-2) is divided by (-26)/(-4) - 40/(-16)?
8
Let r(y) = -y**2 + y - 3. Let o be r(-6). Let x = -6 - o. Let i(w) = w**2 - 3*w - 4. What is the remainder when x is divided by i(6)?
11
Let o(l) = -l**3 + 7*l**2 - 5*l + 2. Calculate the remainder when 44 is divided by o(3).
21
Let i(f) = 46*f + 1. Let g be i(1). Let c = 8 - 6. What is the remainder when 3/3 + c + g is divided by 17?
16
Suppose -8 = 2*v - 3*v. Let l = v + 11. Suppose 2*n - 116 = 2*y, -2*n - 2*n + 211 = 3*y. What is the remainder when n is divided by l?
17
Let t be -3*(-4)/(-6) + 2. Suppose -2*v + 20 = 4*i, t*i - i - 2*v + 11 = 0. Suppose 0*l = -2*l + 16. Calculate the remainder when l is divided by i.
2
Let h be 18/(-15)*(-5)/2. Suppose -h*u + 6*u - 9 = 0. Suppose 0 = -2*z + 5*w - 9, -w + 0 = u*z - 29. What is the remainder when 22 is divided by z?
6
Let a(g) = -g + 4. Let d be a(0). Let b be d/18 + (-43)/(-9). Suppose 4*j + 4*t - 1 - 163 = 0, b*j = 4*t + 178. Calculate the remainder when j is divided by 13.
12
Let v(z) = -z**2 - 3*z + 8. Let q be v(-4). Suppose -5*p - 4*d = -203, -212 = -9*p + q*p - d. What is the remainder when p is divided by 11?
10
Let a(y) = 11*y**2 + 5*y + 2. Let m be a(-4). Let o = -34 + m. Suppose 4*p = -4*c + o, -4*p = 2*c + c - 125. Calculate the remainder when p is divided by 17.
15
Suppose 3*o = -o + 52. Let w = -96 - -121. What is the remainder when w is divided by o?
12
Let g be (5/(-1))/(6 + -7). Suppose -g*b + 80 = -15. Calculate the remainder when b is divided by 7.
5
Suppose 13 = f - 2*n, 2*f + 3*n - 30 = -f. Calculate the remainder when 16 is divided by f.
5
Suppose -231 + 45 = -3*g + 3*j, -2*j = 6. What is the remainder when g is divided by 30?
29
Suppose -7 - 5 = -3*s. What is the remainder when 15 is divided by (-4)/(-3)*12/s?
3
Let c be 31 + 1 + 2 + -3. Suppose c = 5*j - 114. Suppose 3*u + 5*o = -32 + 102, 3*o + 30 = 3*u. Calculate the remainder when j is divided by u.
14
Suppose 0*b = 2*b - 8. Suppose 0 = -y + b*y - 30. What is the remainder when 17 is divided by y?
7
Suppose 2*y - 1 - 7 = 0. Suppose 63 = 5*g + y*n - 3*n, -3*g + 37 = n. Calculate the remainder when 25 is divided by g.
12
Let c(m) = m**2 + 2*m. Let h be c(-2). Suppose h = -3*v + 6 + 6. What is the remainder when 10 is divided by v?
2
Calculate the remainder when 34 is divided by ((-60)/35)/((-6)/63).
16
Let s = 35 + -50. Let p = -1 - s. What is the remainder when p is divided by (-2*1)/((-1)/2)?
2
Let s = 14 + 0. What is the remainder when 38 is divided by s?
10
Suppose -5*o + 184 + 496 = 0. Calculate the remainder when o is divided by 23.
21
Let b(u) = -10*u - 8. What is the remainder when 45 is divided by b(-2)?
9
Let o(r) = -r**3 + 6*r**2 + 7. Calculate the remainder when o(5) is divided by 17.
15
Suppose 5*g = 2*g + 15. Let q(l) = 2 - 4*l + l**2 - 3 + 2. What is the remainder when q(g) is divided by 4?
2
Suppose 3*d - 20 = 7. What is the remainder when d is divided by 16/4 + 2/2 + -1?
1
Suppose -v + 5*o = 8, v = 4*o + 1 - 7. Suppose 0 = v*i + 3*i - 60. What is the remainder when 46 is divided by i?
10
Let r(z) = 2*z**2 + z - 2. Let m be r(-2). Suppose 4 + m = h. Suppose -17 = -3*c - 2. Calculate the remainder when h is divided by c.
3
Suppose -5*r = -66 - 74. Suppose -p + 2*p + 3*c - 14 = 0, 2*p - c - r = 0. What is the remainder when 41 is divided by p?
13
Let h be (-336)/3*(-2)/4. Suppose q - h = -3*q. What is the remainder when ((0 - -1) + -3)*-13 is divided by q?
12
Let t(j) = -j**3 - 5*j**2 + 8*j + 5. Suppose -4*y + 36 = -0*y. Calculate the remainder when t(-7) is divided by (y - 1)*3/2.
11
What is the remainder when 25 is divided by ((-5)/(-15))/(1/21)?
4
Let l(y) = 2*y - 7. Let d = 27 - 3. Let u = 37 - d. What is the remainder when u is divided by l(6)?
3
Let s(u) = -u**2 + 12*u + 3. Suppose 3*k = -1 + 7. Calculate the remainder when k/1*(-8)/(-2) is divided by s(12).
2
Let n(w) = w**3 - 5*w**2 - 5*w - 1. Let x = 23 - 11. What is the remainder when x is divided by n(6)?
2
Let q(i) = 2*i**2 - 21*i + 9. Let m = 19 + -7. Calculate the remainder when q(12) is divided by m.
9
Let v(u) = u + 0*u**3 + 0*u**3 - 3*u**3. Let q be v(-1). Suppose q*s = -s + 21. Calculate the remainder when 19 is divided by s.
5
Suppose -3*g - 350 = 2*g. Let v = 184 + g. Suppose 0 = -4*f - 3*h + h + v, -4*h - 120 = -4*f. Calculate the remainder when f is divided by 10.
9
Let d = 7 - 3. Suppose 2*i + 106 = 5*s, 20 + 66 = d*s - i. Calculate the remainder when s is divided by 12.
10
What is the remainder when (-19)/(-3)*(-1 - -7) is divided by (10/3)/(2/24*2)?
18
Suppose 3*n + 164 = 5*v, 2*v = 5*n + 99 - 22. Calculate the remainder when 46 is divided by v.
15
Let v(f) = -f**3 - 3*f**2 + 5*f - 3. Let w be v(3). Let c be 4*2*w/8. What is the remainder when 62 is divided by (-1 + -4)*c/10?
20
Suppose -4*x = -3*x - 4. Calculate the remainder when 15 is divided by x.
3
Calculate the remainder when 4176/56 + 6/14 is divided by 20.
15
Let t(v) = 2*v**2 + 7*v + 1. Suppose 0 = -2*q + 5*q + 4*m - 113, 0 = -q + 3*m + 16. What is the remainder when q is divided by t(-5)?
15
Let y = 75 - 47. What is the remainder when 138 is divided by y?
26
Suppose -5*l = 2*z - 53, -2*z + 35 = -0*l + 3*l. Suppose 4*d - l = -3*q, -3*q + 3*d - 6*d = -9. What is the remainder when 11 is divided by q?
2
Let y(z) = -z**2 - 11*z + 6. Calculate the remainder when 61 is divided by y(-10).
13
Let l(k) = -k**3 + 7*k**2 - 5*k + 7. Suppose -4*g + 164 = -4*s, 0 = -g - 4*s - 3 + 29. Calculate the remainder when g is divided by l(6).
12
Let w = -2 + 4. Let o = -155 - -156. What is the remainder when w is divided by o?
0
Let k(l) = l**3 - 7*l**2 + 7*l - 3. Let r be k(6). Suppose 2*j = 3*a + 3*j - 122, 0 = 2*a - r*j - 96. What is the remainder when a is divided by 11?
9
Suppose 5*f - 47 = 53. Calculate the remainder when 59 is divided by f.
19
Suppose 9*n - 2 = 7*n. Let r(o) = o**2 + 5*o + 1. What is the remainder when n is divided by r(-5)?
0
Suppose -3*p + 14 = -4*y, 4*p + 4*y + 1 = 29. What is the remainder when 28 is divided by p?
4
Suppose -3*z + 0 = -3, 4*z = -s + 15. What is the remainder when 32 is divided by s?
10
Let z(n) = n**3 + 4*n**2 - 6*n. Let x be z(-5). Suppose -3*t = -x*p - 62 - 9, 3*p + 12 = 0. What is the remainder when 32 is divided by t?
15
Suppose -2*y - 2*y = -104. What is the remainder when 77 is divided by y?
25
Suppose f - 17 = -3*x, 0 = 4*f - 5*x + 2*x - 38. What is the remainder when 54 is divided by f?
10
Let g = 57 + -95. Calculate the remainder when g*((-12)/(-8) + -2) is divided by 10.
9
Let r(j) = -j**2 + 24*j - 9. Suppose 3*l - 12 - 12 = -4*f, 4*f = 2*l - 16. What is the remainder when r(23) is divided by l?
6
Let g = -4 + 47. Suppose 6*b - 50 - 40 = 0. What is the remainder when g is divided by b?
13
Let h(l) = -l + 5. Let v be h(6). Let o(i) = -3*i + 1. Let g be o(v). Let p(a) = 3*a**2 - 6*a + 1. What is the remainder when p(g) is divided by 9?
7
Let q = 213 + -67. Suppose 0 = -0*n + 2*n - q. Calculate the remainder when n is divided by 19.
16
Let o be (1 + -1)/(2/2). Calculate the remainder when -2 - o - 196/(-4) is divided by 24.
23
Let s(w) = 8*w**3 - 2*w**2 + w. Let g be s(1). Let o(k) = k**3 - 8*k**2 + 9*k - 8. Calculate the remainder when 15 is divided by o(g).
3
Suppose -u = -10 + 2. Suppose -4*a = -k + a - u, -3*k + 3*a = -36. What is the remainder when k is divided by 9?
8
Suppose -6 = -2*f - 5*i, 4*f - i = -0*i + 34. Let y = -8 + 13. What is the remainder when f is divided by y?
3
Suppose -x - 77 = -4*c, -3*c - 3*x + 4*x + 58 = 0. Suppose 4*a + 2*h = -h + 153, a - 3*h = 27. What is the remainder when a is divided by c?
17
Calculate the remainder when 82 is divided by (-3 + -6 + 30)*(-2)/(-2).
19
Suppose 2*z = 2*n + 28 - 2, -n + 47 = 5*z. What is the remainder when 15 is divided by z?
5
What is the remainder when 48 is divided by -3 + (-177)/(-9) - 3/(-9)?
14
Let o = 192 + -63. Calculate the remainder when o is divided by 22.
19
Let k(p) = -p**2 + 11*p - 13. Ca